{"id":1153,"date":"2018-02-01T17:27:53","date_gmt":"2018-02-01T15:27:53","guid":{"rendered":"https:\/\/maisemabetoni.fi\/fin\/?page_id=1153"},"modified":"2019-02-28T17:14:51","modified_gmt":"2019-02-28T15:14:51","slug":"viertolan-aukio-kerava","status":"publish","type":"page","link":"https:\/\/maisemabetoni.fi\/fin\/referenssit\/vuoden-ymparistorakenteet\/viertolan-aukio-kerava\/","title":{"rendered":"Viertolan aukio,<br> Kerava, 2009"},"content":{"rendered":"<h4><img decoding=\"async\" class=\"alignright\" src=\"http:\/\/maisemabetoni.fi\/wp-content\/uploads\/2013\/06\/Viertolan-aukio-3-530x320.jpg\" alt=\"\" \/>Viertolan aukio, Kerava (VYR2009)<\/h4>\n<p>RAKENNUTTAJA<br \/>\nKeravan Kaupunkitekniikka<br \/>\nRakennuttajakonsultti: Rakennuttajatoimisto-HTJ Oy<br \/>\nP\u00c4\u00c4SUUNNITTELIJA<br \/>\nKeravan Kaupunkitekniikka ja WSP Finland Oy<br \/>\nP\u00c4\u00c4URAKOITSIJA<br \/>\nSiltaurakoitsija: Infraty\u00f6 Oy<\/p>\n<p>Katu- ja viherty\u00f6urakoitsija: Kivinikkarit Oy<\/p>\n<p>Valaistus- ja liikennevalourakoitsija: Suomen Energia-Urakointi Oy<\/p>\n<p>Sibeliuksentien uuden sillan alle sijoittuva Viertolan aukio on osa k\u00e4velykatualuetta. Kokonaisuuteen kuuluva Saviontien alikulkuk\u00e4yt\u00e4v\u00e4 parantaa liikenneturvallisuutta risteysalueella.<\/p>\n<p>Laajentamalla alikulku aukioksi siit\u00e4 on muodostunut valoisa, ilmava ja turvallinen arkiymp\u00e4rist\u00f6n el\u00e4myksellinen kohta.<\/p>\n<p><a href=\"http:\/\/virtuaali.maisemabetoni.fi\/fi_FI\/maisemabetoni\/Suomi\/Viertolan+aukio%252C+Kerava\" target=\"_blank\" rel=\"noopener noreferrer\"><img loading=\"lazy\" decoding=\"async\" class=\"alignright size-full wp-image-63\" src=\"https:\/\/maisemabetoni.fi\/fin\/wp-content\/uploads\/2017\/11\/virtuaalikierros.jpg\" alt=\"virtuaalikierros\" width=\"227\" height=\"86\" \/><\/a>Aukion ympyr\u00e4nmuotoon ladotut kiveykset ja kauniisti kaartuvat sillat ja v\u00e4yl\u00e4t muodostavat liikenneymp\u00e4rist\u00f6\u00f6n hyvin sopivan, levollisen ja harkitun kokonaisuuden. Sibeliuksentien siltojen v\u00e4list\u00e4 tunnelialueelle p\u00e4\u00e4sev\u00e4 luonnonvalo, p\u00e4\u00e4llysteiden ja pinnoitusten vaaleat v\u00e4rit ja ep\u00e4suora katon kautta suunnattu valaistus tekev\u00e4t paikasta valoisan ja raikkaan. Siltojen betoniseinien kevyet koristeornamentit ja -reliefit sopivat paikan levolliseen tunnelmaan.<\/p>\n<p>Aukio on jalankulkijoiden ja py\u00f6r\u00e4ilij\u00f6iden luonteva kulkureitti. Betoni- ja luonnonkivipinnat kest\u00e4v\u00e4t my\u00f6s kovan kulutuksen.<\/p>\n<p>Viertolan aukiolle my\u00f6nnettiin Vuoden Ymp\u00e4rist\u00f6rakenne -palkinto 2009.<\/p>\n<p><a class=\"nappi4\" style=\"color: #fff;\" href=\"https:\/\/maisemabetoni.fi\/fin\/wp-content\/uploads\/2020\/10\/VYR-2009-Viertolan-aukio-Kerava.pdf\" target=\"_blank\" rel=\"noopener noreferrer\">Lue kohteen esittely Betonilehdess\u00e4 \u00bb<\/a><\/p>\n<p><a href=\"https:\/\/maisemabetoni.fi\/wp-content\/uploads\/2013\/06\/Viertolan-aukio-3.jpg\" data-rel=\"lightbox-gallery-bGlnaHRib3gtZ2FsbGVyeS1FQ3RMS1JHcw==\" data-rl_title=\"\" data-rl_caption=\"\" data-rl_title=\"\" data-rl_caption=\"\" title=\"\"><img decoding=\"async\" class=\"galleria\" src=\"https:\/\/maisemabetoni.fi\/wp-content\/uploads\/2013\/06\/Viertolan-aukio-3-170x170.jpg\" \/><\/a><a href=\"https:\/\/maisemabetoni.fi\/wp-content\/uploads\/2013\/06\/Viertolan-aukio-1.jpg\" data-rel=\"lightbox-gallery-bGlnaHRib3gtZ2FsbGVyeS1FQ3RMS1JHcw==\" data-rl_title=\"\" data-rl_caption=\"\" data-rl_title=\"\" data-rl_caption=\"\" title=\"\"><img decoding=\"async\" class=\"galleria\" src=\"https:\/\/maisemabetoni.fi\/wp-content\/uploads\/2013\/06\/Viertolan-aukio-1-170x170.jpg\" \/><\/a><a href=\"https:\/\/maisemabetoni.fi\/wp-content\/uploads\/2013\/06\/Viertolan-aukio-2.jpg\" data-rel=\"lightbox-gallery-bGlnaHRib3gtZ2FsbGVyeS1FQ3RMS1JHcw==\" data-rl_title=\"\" data-rl_caption=\"\" data-rl_title=\"\" data-rl_caption=\"\" title=\"\"><img decoding=\"async\" class=\"galleria\" src=\"https:\/\/maisemabetoni.fi\/wp-content\/uploads\/2013\/06\/Viertolan-aukio-2-170x170.jpg\" \/><\/a><a href=\"https:\/\/maisemabetoni.fi\/wp-content\/uploads\/2013\/06\/Viertolan-aukio-4.jpg\" data-rel=\"lightbox-gallery-bGlnaHRib3gtZ2FsbGVyeS1FQ3RMS1JHcw==\" data-rl_title=\"\" data-rl_caption=\"\" data-rl_title=\"\" data-rl_caption=\"\" title=\"\"><img decoding=\"async\" class=\"galleria\" src=\"https:\/\/maisemabetoni.fi\/wp-content\/uploads\/2013\/06\/Viertolan-aukio-4-170x170.jpg\" \/><\/a><a href=\"https:\/\/maisemabetoni.fi\/wp-content\/uploads\/2013\/06\/Viertolan-aukio-5.jpg\" data-rel=\"lightbox-gallery-bGlnaHRib3gtZ2FsbGVyeS1FQ3RMS1JHcw==\" data-rl_title=\"\" data-rl_caption=\"\" data-rl_title=\"\" data-rl_caption=\"\" title=\"\"><img decoding=\"async\" class=\"galleria\" src=\"https:\/\/maisemabetoni.fi\/wp-content\/uploads\/2013\/06\/Viertolan-aukio-5-170x170.jpg\" \/><\/a><a href=\"https:\/\/maisemabetoni.fi\/wp-content\/uploads\/2013\/06\/Viertolan-aukio-iltavalaistuksessa.jpg\" data-rel=\"lightbox-gallery-bGlnaHRib3gtZ2FsbGVyeS1FQ3RMS1JHcw==\" data-rl_title=\"\" data-rl_caption=\"\" data-rl_title=\"\" data-rl_caption=\"\" title=\"\"><img decoding=\"async\" class=\"galleria\" src=\"https:\/\/maisemabetoni.fi\/wp-content\/uploads\/2013\/06\/Viertolan-aukio-iltavalaistuksessa-170x170.jpg\" \/><\/a><\/p>\n\n","protected":false},"excerpt":{"rendered":"","protected":false},"author":1,"featured_media":0,"parent":944,"menu_order":8,"comment_status":"closed","ping_status":"closed","template":"","meta":{"footnotes":""},"class_list":["post-1153","page","type-page","status-publish","hentry"],"yoast_head":"<!-- This site is optimized with the Yoast SEO plugin v26.8 - https:\/\/yoast.com\/product\/yoast-seo-wordpress\/ -->\n<title>Viertolan aukio, Kerava, 2009 - Maisemabetoni<\/title>\n<meta name=\"robots\" content=\"noindex, follow, max-snippet:-1, max-image-preview:large, max-video-preview:-1\" \/>\n<meta property=\"og:locale\" content=\"fi_FI\" \/>\n<meta property=\"og:type\" content=\"article\" \/>\n<meta property=\"og:title\" content=\"Viertolan aukio, Kerava, 2009 - Maisemabetoni\" \/>\n<meta property=\"og:url\" content=\"https:\/\/maisemabetoni.fi\/fin\/referenssit\/vuoden-ymparistorakenteet\/viertolan-aukio-kerava\/\" \/>\n<meta property=\"og:site_name\" content=\"Maisemabetoni\" \/>\n<meta property=\"article:modified_time\" content=\"2019-02-28T15:14:51+00:00\" \/>\n<meta name=\"twitter:card\" content=\"summary_large_image\" \/>\n<script type=\"application\/ld+json\" class=\"yoast-schema-graph\">{\"@context\":\"https:\/\/schema.org\",\"@graph\":[{\"@type\":\"WebPage\",\"@id\":\"https:\/\/maisemabetoni.fi\/fin\/referenssit\/vuoden-ymparistorakenteet\/viertolan-aukio-kerava\/\",\"url\":\"https:\/\/maisemabetoni.fi\/fin\/referenssit\/vuoden-ymparistorakenteet\/viertolan-aukio-kerava\/\",\"name\":\"Viertolan aukio, Kerava, 2009 - Maisemabetoni\",\"isPartOf\":{\"@id\":\"https:\/\/maisemabetoni.fi\/fin\/#website\"},\"datePublished\":\"2018-02-01T15:27:53+00:00\",\"dateModified\":\"2019-02-28T15:14:51+00:00\",\"breadcrumb\":{\"@id\":\"https:\/\/maisemabetoni.fi\/fin\/referenssit\/vuoden-ymparistorakenteet\/viertolan-aukio-kerava\/#breadcrumb\"},\"inLanguage\":\"fi\",\"potentialAction\":[{\"@type\":\"ReadAction\",\"target\":[\"https:\/\/maisemabetoni.fi\/fin\/referenssit\/vuoden-ymparistorakenteet\/viertolan-aukio-kerava\/\"]}]},{\"@type\":\"BreadcrumbList\",\"@id\":\"https:\/\/maisemabetoni.fi\/fin\/referenssit\/vuoden-ymparistorakenteet\/viertolan-aukio-kerava\/#breadcrumb\",\"itemListElement\":[{\"@type\":\"ListItem\",\"position\":1,\"name\":\"Etusivu\",\"item\":\"https:\/\/maisemabetoni.fi\/fin\/\"},{\"@type\":\"ListItem\",\"position\":2,\"name\":\"VUODEN YMP\u00c4RIST\u00d6RAKENTEET\",\"item\":\"https:\/\/maisemabetoni.fi\/fin\/referenssit\/vuoden-ymparistorakenteet\/\"},{\"@type\":\"ListItem\",\"position\":3,\"name\":\"Viertolan aukio, Kerava, 2009\"}]},{\"@type\":\"WebSite\",\"@id\":\"https:\/\/maisemabetoni.fi\/fin\/#website\",\"url\":\"https:\/\/maisemabetoni.fi\/fin\/\",\"name\":\"Maisemabetoni\",\"description\":\"\",\"potentialAction\":[{\"@type\":\"SearchAction\",\"target\":{\"@type\":\"EntryPoint\",\"urlTemplate\":\"https:\/\/maisemabetoni.fi\/fin\/?s={search_term_string}\"},\"query-input\":{\"@type\":\"PropertyValueSpecification\",\"valueRequired\":true,\"valueName\":\"search_term_string\"}}],\"inLanguage\":\"fi\"}]}<\/script>\n<!-- \/ Yoast SEO plugin. -->","yoast_head_json":{"title":"Viertolan aukio, Kerava, 2009 - Maisemabetoni","robots":{"index":"noindex","follow":"follow","max-snippet":"max-snippet:-1","max-image-preview":"max-image-preview:large","max-video-preview":"max-video-preview:-1"},"og_locale":"fi_FI","og_type":"article","og_title":"Viertolan aukio, Kerava, 2009 - Maisemabetoni","og_url":"https:\/\/maisemabetoni.fi\/fin\/referenssit\/vuoden-ymparistorakenteet\/viertolan-aukio-kerava\/","og_site_name":"Maisemabetoni","article_modified_time":"2019-02-28T15:14:51+00:00","twitter_card":"summary_large_image","schema":{"@context":"https:\/\/schema.org","@graph":[{"@type":"WebPage","@id":"https:\/\/maisemabetoni.fi\/fin\/referenssit\/vuoden-ymparistorakenteet\/viertolan-aukio-kerava\/","url":"https:\/\/maisemabetoni.fi\/fin\/referenssit\/vuoden-ymparistorakenteet\/viertolan-aukio-kerava\/","name":"Viertolan aukio, Kerava, 2009 - Maisemabetoni","isPartOf":{"@id":"https:\/\/maisemabetoni.fi\/fin\/#website"},"datePublished":"2018-02-01T15:27:53+00:00","dateModified":"2019-02-28T15:14:51+00:00","breadcrumb":{"@id":"https:\/\/maisemabetoni.fi\/fin\/referenssit\/vuoden-ymparistorakenteet\/viertolan-aukio-kerava\/#breadcrumb"},"inLanguage":"fi","potentialAction":[{"@type":"ReadAction","target":["https:\/\/maisemabetoni.fi\/fin\/referenssit\/vuoden-ymparistorakenteet\/viertolan-aukio-kerava\/"]}]},{"@type":"BreadcrumbList","@id":"https:\/\/maisemabetoni.fi\/fin\/referenssit\/vuoden-ymparistorakenteet\/viertolan-aukio-kerava\/#breadcrumb","itemListElement":[{"@type":"ListItem","position":1,"name":"Etusivu","item":"https:\/\/maisemabetoni.fi\/fin\/"},{"@type":"ListItem","position":2,"name":"VUODEN YMP\u00c4RIST\u00d6RAKENTEET","item":"https:\/\/maisemabetoni.fi\/fin\/referenssit\/vuoden-ymparistorakenteet\/"},{"@type":"ListItem","position":3,"name":"Viertolan aukio, Kerava, 2009"}]},{"@type":"WebSite","@id":"https:\/\/maisemabetoni.fi\/fin\/#website","url":"https:\/\/maisemabetoni.fi\/fin\/","name":"Maisemabetoni","description":"","potentialAction":[{"@type":"SearchAction","target":{"@type":"EntryPoint","urlTemplate":"https:\/\/maisemabetoni.fi\/fin\/?s={search_term_string}"},"query-input":{"@type":"PropertyValueSpecification","valueRequired":true,"valueName":"search_term_string"}}],"inLanguage":"fi"}]}},"_links":{"self":[{"href":"https:\/\/maisemabetoni.fi\/fin\/wp-json\/wp\/v2\/pages\/1153","targetHints":{"allow":["GET"]}}],"collection":[{"href":"https:\/\/maisemabetoni.fi\/fin\/wp-json\/wp\/v2\/pages"}],"about":[{"href":"https:\/\/maisemabetoni.fi\/fin\/wp-json\/wp\/v2\/types\/page"}],"author":[{"embeddable":true,"href":"https:\/\/maisemabetoni.fi\/fin\/wp-json\/wp\/v2\/users\/1"}],"replies":[{"embeddable":true,"href":"https:\/\/maisemabetoni.fi\/fin\/wp-json\/wp\/v2\/comments?post=1153"}],"version-history":[{"count":3,"href":"https:\/\/maisemabetoni.fi\/fin\/wp-json\/wp\/v2\/pages\/1153\/revisions"}],"predecessor-version":[{"id":1625,"href":"https:\/\/maisemabetoni.fi\/fin\/wp-json\/wp\/v2\/pages\/1153\/revisions\/1625"}],"up":[{"embeddable":true,"href":"https:\/\/maisemabetoni.fi\/fin\/wp-json\/wp\/v2\/pages\/944"}],"wp:attachment":[{"href":"https:\/\/maisemabetoni.fi\/fin\/wp-json\/wp\/v2\/media?parent=1153"}],"curies":[{"name":"wp","href":"https:\/\/api.w.org\/{rel}","templated":true}]}}