{"id":2604,"date":"2020-10-15T08:15:17","date_gmt":"2020-10-15T05:15:17","guid":{"rendered":"https:\/\/maisemabetoni.fi\/fin\/?page_id=2604"},"modified":"2022-02-07T13:09:40","modified_gmt":"2022-02-07T11:09:40","slug":"vuoden-ymparistorakenne-kilpailu","status":"publish","type":"page","link":"https:\/\/maisemabetoni.fi\/fin\/vuoden-ymparistorakenne-kilpailu\/","title":{"rendered":"VUODEN YMP\u00c4RIST\u00d6RAKENNE"},"content":{"rendered":"<h1><img loading=\"lazy\" decoding=\"async\" class=\"alignnone wp-image-2750\" src=\"https:\/\/maisemabetoni.fi\/fin\/wp-content\/uploads\/2020\/10\/ymparisto-30v.jpg\" alt=\"Vuodenymp\u00e4rist\u00f6rakenne 30v\" width=\"900\" height=\"179\" srcset=\"https:\/\/maisemabetoni.fi\/fin\/wp-content\/uploads\/2020\/10\/ymparisto-30v.jpg 948w, https:\/\/maisemabetoni.fi\/fin\/wp-content\/uploads\/2020\/10\/ymparisto-30v-530x106.jpg 530w, https:\/\/maisemabetoni.fi\/fin\/wp-content\/uploads\/2020\/10\/ymparisto-30v-700x140.jpg 700w, https:\/\/maisemabetoni.fi\/fin\/wp-content\/uploads\/2020\/10\/ymparisto-30v-768x153.jpg 768w\" sizes=\"auto, (max-width: 900px) 100vw, 900px\" \/><\/h1>\n<p>\u00a0<\/p>\n<h1>Vuoden ymp\u00e4rist\u00f6rakenne -kilpailu<\/h1>\n<p><img loading=\"lazy\" decoding=\"async\" class=\"alignnone wp-image-2954 size-full\" src=\"https:\/\/maisemabetoni.fi\/fin\/wp-content\/uploads\/2020\/10\/VYR-ehdokkaat-2020.jpg\" alt=\"VYR-ehdokkaat-2020\" width=\"900\" height=\"489\" srcset=\"https:\/\/maisemabetoni.fi\/fin\/wp-content\/uploads\/2020\/10\/VYR-ehdokkaat-2020.jpg 900w, https:\/\/maisemabetoni.fi\/fin\/wp-content\/uploads\/2020\/10\/VYR-ehdokkaat-2020-530x288.jpg 530w, https:\/\/maisemabetoni.fi\/fin\/wp-content\/uploads\/2020\/10\/VYR-ehdokkaat-2020-700x380.jpg 700w, https:\/\/maisemabetoni.fi\/fin\/wp-content\/uploads\/2020\/10\/VYR-ehdokkaat-2020-768x417.jpg 768w\" sizes=\"auto, (max-width: 900px) 100vw, 900px\" \/><\/p>\n<p>Vuoden Ymp\u00e4rist\u00f6rakenne -kilpailu t\u00e4ytti 30 vuotta vuonna 2020. Se on saanut arvostetun aseman ammattilaisten ja j\u00e4rjest\u00e4j\u00e4tahojen keskuudessa. Juhlavuonna kilpailun tavoitteeksi nousee my\u00f6s sen laajemman yhteiskunnallisen n\u00e4kyvyyden lis\u00e4\u00e4minen.<\/p>\n<p>Voittaneet kilpailukohteet nostavat esille sen tosiasian, ett\u00e4 Suomessa suunnitellaan monipuolisia ja ammattitaidolla toteutettuja kohteita. Kuluneen 30 vuoden aikana kilpailukohteet ovat sis\u00e4ll\u00f6llisesti monipuolistuneet ja k\u00e4ytettyjen materiaalien valikoima laajentunut.<\/p>\n<h4>Kilpailu on aina heijastanut ymp\u00e4rist\u00f6rakentamisessa vallitsevia ajan ilmi\u00f6it\u00e4<\/h4>\n<p>K\u00e4velykadut ja aukiot nousivat esiin 1990-luvulla kaupunkikeskustojen kehitt\u00e4misess\u00e4, ja 2000-luvulla alettiin kiinnitt\u00e4\u00e4 yh\u00e4 enemm\u00e4n huomiota rantoihin ja vesist\u00f6n\u00e4kymiin. Omaa aikakauttaan ovat edustaneet my\u00f6s asuntoyhti\u00f6- ja yrityspihat sek\u00e4 kansipihat ja viherkatot.<\/p>\n<p><u>Ajan ilmi\u00f6it\u00e4 ymp\u00e4rist\u00f6rakentamisessa ovat vuosien varrella olleet: <\/u><\/p>\n<ul>\n<li>k\u00e4velykadut, aukiot<\/li>\n<li>rantarakentaminen<\/li>\n<li>asuntoyhti\u00f6pihat<\/li>\n<li>yritysymp\u00e4rist\u00f6t<\/li>\n<li>kansipihat ja viherkatot<\/li>\n<li>ymp\u00e4rist\u00f6n parantaminen, ymp\u00e4rist\u00f6asiat, monimuotoisuus<\/li>\n<li>imagon rakentaminen<\/li>\n<li>ymp\u00e4rist\u00f6taide<\/li>\n<\/ul>\n<p>Kilpailun halutaan el\u00e4v\u00e4n ajassa my\u00f6s tulevaisuudessa, ja nyt juhlavuonna s\u00e4\u00e4nt\u00f6ihin onkin nostettu yhdeksi kriteeriksi kest\u00e4v\u00e4n ymp\u00e4rist\u00f6rakentamisen mukainen toteutus.<\/p>\n<p>Palkittujen kohteiden osalta halutaan korostaa my\u00f6s kohteen kunnossapidon merkityst\u00e4. T\u00e4m\u00e4 koskee erityisesti kasvillisuutta, mutta my\u00f6s rakenteita ja pinnoitteita.<\/p>\n<p>\u00a0<\/p>\n","protected":false},"excerpt":{"rendered":"<p>&nbsp; Vuoden ymp&auml;rist&ouml;rakenne -kilpailu Vuoden Ymp&auml;rist&ouml;rakenne -kilpailu t&auml;ytti 30 vuotta vuonna 2020. Se on saanut arvostetun aseman ammattilaisten ja j&auml;rjest&auml;j&auml;tahojen keskuudessa. Juhlavuonna kilpailun tavoitteeksi nousee my&ouml;s sen laajemman yhteiskunnallisen n&auml;kyvyyden lis&auml;&auml;minen. Voittaneet kilpailukohteet nostavat esille sen tosiasian, ett&auml; Suomessa suunnitellaan monipuolisia ja ammattitaidolla toteutettuja kohteita. Kuluneen 30 vuoden aikana kilpailukohteet ovat sis&auml;ll&ouml;llisesti monipuolistuneet ja k&auml;ytettyjen&#8230;<\/p>\n","protected":false},"author":1,"featured_media":0,"parent":0,"menu_order":0,"comment_status":"closed","ping_status":"closed","template":"","meta":{"footnotes":""},"class_list":["post-2604","page","type-page","status-publish","hentry"],"yoast_head":"<!-- This site is optimized with the Yoast SEO plugin v26.8 - https:\/\/yoast.com\/product\/yoast-seo-wordpress\/ -->\n<title>VUODEN YMP\u00c4RIST\u00d6RAKENNE - Maisemabetoni<\/title>\n<meta name=\"description\" content=\"Vuoden ymp\u00e4rist\u00f6rakennekilpailun tarkoituksena on tehd\u00e4 tunnetuksi ja edist\u00e4\u00e4 korkeatasoisia ymp\u00e4rist\u00f6kokonaisuuksia.\" \/>\n<meta name=\"robots\" content=\"noindex, follow, max-snippet:-1, max-image-preview:large, max-video-preview:-1\" \/>\n<meta property=\"og:locale\" content=\"fi_FI\" \/>\n<meta property=\"og:type\" content=\"article\" \/>\n<meta property=\"og:title\" content=\"VUODEN YMP\u00c4RIST\u00d6RAKENNE - Maisemabetoni\" \/>\n<meta property=\"og:description\" content=\"Vuoden ymp\u00e4rist\u00f6rakennekilpailun tarkoituksena on tehd\u00e4 tunnetuksi ja edist\u00e4\u00e4 korkeatasoisia ymp\u00e4rist\u00f6kokonaisuuksia.\" \/>\n<meta property=\"og:url\" content=\"https:\/\/maisemabetoni.fi\/fin\/vuoden-ymparistorakenne-kilpailu\/\" \/>\n<meta property=\"og:site_name\" content=\"Maisemabetoni\" \/>\n<meta property=\"article:modified_time\" content=\"2022-02-07T11:09:40+00:00\" \/>\n<meta property=\"og:image\" content=\"https:\/\/maisemabetoni.fi\/fin\/wp-content\/uploads\/2020\/10\/ymparisto-30v.jpg\" \/>\n<meta name=\"twitter:card\" content=\"summary_large_image\" \/>\n<meta name=\"twitter:label1\" content=\"Arvioitu lukuaika\" \/>\n\t<meta name=\"twitter:data1\" content=\"1 minuutti\" \/>\n<script type=\"application\/ld+json\" class=\"yoast-schema-graph\">{\"@context\":\"https:\/\/schema.org\",\"@graph\":[{\"@type\":\"WebPage\",\"@id\":\"https:\/\/maisemabetoni.fi\/fin\/vuoden-ymparistorakenne-kilpailu\/\",\"url\":\"https:\/\/maisemabetoni.fi\/fin\/vuoden-ymparistorakenne-kilpailu\/\",\"name\":\"VUODEN YMP\u00c4RIST\u00d6RAKENNE - Maisemabetoni\",\"isPartOf\":{\"@id\":\"https:\/\/maisemabetoni.fi\/fin\/#website\"},\"primaryImageOfPage\":{\"@id\":\"https:\/\/maisemabetoni.fi\/fin\/vuoden-ymparistorakenne-kilpailu\/#primaryimage\"},\"image\":{\"@id\":\"https:\/\/maisemabetoni.fi\/fin\/vuoden-ymparistorakenne-kilpailu\/#primaryimage\"},\"thumbnailUrl\":\"https:\/\/maisemabetoni.fi\/fin\/wp-content\/uploads\/2020\/10\/ymparisto-30v.jpg\",\"datePublished\":\"2020-10-15T05:15:17+00:00\",\"dateModified\":\"2022-02-07T11:09:40+00:00\",\"description\":\"Vuoden ymp\u00e4rist\u00f6rakennekilpailun tarkoituksena on tehd\u00e4 tunnetuksi ja edist\u00e4\u00e4 korkeatasoisia ymp\u00e4rist\u00f6kokonaisuuksia.\",\"breadcrumb\":{\"@id\":\"https:\/\/maisemabetoni.fi\/fin\/vuoden-ymparistorakenne-kilpailu\/#breadcrumb\"},\"inLanguage\":\"fi\",\"potentialAction\":[{\"@type\":\"ReadAction\",\"target\":[\"https:\/\/maisemabetoni.fi\/fin\/vuoden-ymparistorakenne-kilpailu\/\"]}]},{\"@type\":\"ImageObject\",\"inLanguage\":\"fi\",\"@id\":\"https:\/\/maisemabetoni.fi\/fin\/vuoden-ymparistorakenne-kilpailu\/#primaryimage\",\"url\":\"https:\/\/maisemabetoni.fi\/fin\/wp-content\/uploads\/2020\/10\/ymparisto-30v.jpg\",\"contentUrl\":\"https:\/\/maisemabetoni.fi\/fin\/wp-content\/uploads\/2020\/10\/ymparisto-30v.jpg\",\"width\":948,\"height\":189,\"caption\":\"Vuodenymp\u00e4rist\u00f6rakenne 30v\"},{\"@type\":\"BreadcrumbList\",\"@id\":\"https:\/\/maisemabetoni.fi\/fin\/vuoden-ymparistorakenne-kilpailu\/#breadcrumb\",\"itemListElement\":[{\"@type\":\"ListItem\",\"position\":1,\"name\":\"Etusivu\",\"item\":\"https:\/\/maisemabetoni.fi\/fin\/\"},{\"@type\":\"ListItem\",\"position\":2,\"name\":\"VUODEN YMP\u00c4RIST\u00d6RAKENNE\"}]},{\"@type\":\"WebSite\",\"@id\":\"https:\/\/maisemabetoni.fi\/fin\/#website\",\"url\":\"https:\/\/maisemabetoni.fi\/fin\/\",\"name\":\"Maisemabetoni\",\"description\":\"\",\"potentialAction\":[{\"@type\":\"SearchAction\",\"target\":{\"@type\":\"EntryPoint\",\"urlTemplate\":\"https:\/\/maisemabetoni.fi\/fin\/?s={search_term_string}\"},\"query-input\":{\"@type\":\"PropertyValueSpecification\",\"valueRequired\":true,\"valueName\":\"search_term_string\"}}],\"inLanguage\":\"fi\"}]}<\/script>\n<!-- \/ Yoast SEO plugin. -->","yoast_head_json":{"title":"VUODEN YMP\u00c4RIST\u00d6RAKENNE - Maisemabetoni","description":"Vuoden ymp\u00e4rist\u00f6rakennekilpailun tarkoituksena on tehd\u00e4 tunnetuksi ja edist\u00e4\u00e4 korkeatasoisia ymp\u00e4rist\u00f6kokonaisuuksia.","robots":{"index":"noindex","follow":"follow","max-snippet":"max-snippet:-1","max-image-preview":"max-image-preview:large","max-video-preview":"max-video-preview:-1"},"og_locale":"fi_FI","og_type":"article","og_title":"VUODEN YMP\u00c4RIST\u00d6RAKENNE - Maisemabetoni","og_description":"Vuoden ymp\u00e4rist\u00f6rakennekilpailun tarkoituksena on tehd\u00e4 tunnetuksi ja edist\u00e4\u00e4 korkeatasoisia ymp\u00e4rist\u00f6kokonaisuuksia.","og_url":"https:\/\/maisemabetoni.fi\/fin\/vuoden-ymparistorakenne-kilpailu\/","og_site_name":"Maisemabetoni","article_modified_time":"2022-02-07T11:09:40+00:00","og_image":[{"url":"https:\/\/maisemabetoni.fi\/fin\/wp-content\/uploads\/2020\/10\/ymparisto-30v.jpg","type":"","width":"","height":""}],"twitter_card":"summary_large_image","twitter_misc":{"Arvioitu lukuaika":"1 minuutti"},"schema":{"@context":"https:\/\/schema.org","@graph":[{"@type":"WebPage","@id":"https:\/\/maisemabetoni.fi\/fin\/vuoden-ymparistorakenne-kilpailu\/","url":"https:\/\/maisemabetoni.fi\/fin\/vuoden-ymparistorakenne-kilpailu\/","name":"VUODEN YMP\u00c4RIST\u00d6RAKENNE - Maisemabetoni","isPartOf":{"@id":"https:\/\/maisemabetoni.fi\/fin\/#website"},"primaryImageOfPage":{"@id":"https:\/\/maisemabetoni.fi\/fin\/vuoden-ymparistorakenne-kilpailu\/#primaryimage"},"image":{"@id":"https:\/\/maisemabetoni.fi\/fin\/vuoden-ymparistorakenne-kilpailu\/#primaryimage"},"thumbnailUrl":"https:\/\/maisemabetoni.fi\/fin\/wp-content\/uploads\/2020\/10\/ymparisto-30v.jpg","datePublished":"2020-10-15T05:15:17+00:00","dateModified":"2022-02-07T11:09:40+00:00","description":"Vuoden ymp\u00e4rist\u00f6rakennekilpailun tarkoituksena on tehd\u00e4 tunnetuksi ja edist\u00e4\u00e4 korkeatasoisia ymp\u00e4rist\u00f6kokonaisuuksia.","breadcrumb":{"@id":"https:\/\/maisemabetoni.fi\/fin\/vuoden-ymparistorakenne-kilpailu\/#breadcrumb"},"inLanguage":"fi","potentialAction":[{"@type":"ReadAction","target":["https:\/\/maisemabetoni.fi\/fin\/vuoden-ymparistorakenne-kilpailu\/"]}]},{"@type":"ImageObject","inLanguage":"fi","@id":"https:\/\/maisemabetoni.fi\/fin\/vuoden-ymparistorakenne-kilpailu\/#primaryimage","url":"https:\/\/maisemabetoni.fi\/fin\/wp-content\/uploads\/2020\/10\/ymparisto-30v.jpg","contentUrl":"https:\/\/maisemabetoni.fi\/fin\/wp-content\/uploads\/2020\/10\/ymparisto-30v.jpg","width":948,"height":189,"caption":"Vuodenymp\u00e4rist\u00f6rakenne 30v"},{"@type":"BreadcrumbList","@id":"https:\/\/maisemabetoni.fi\/fin\/vuoden-ymparistorakenne-kilpailu\/#breadcrumb","itemListElement":[{"@type":"ListItem","position":1,"name":"Etusivu","item":"https:\/\/maisemabetoni.fi\/fin\/"},{"@type":"ListItem","position":2,"name":"VUODEN YMP\u00c4RIST\u00d6RAKENNE"}]},{"@type":"WebSite","@id":"https:\/\/maisemabetoni.fi\/fin\/#website","url":"https:\/\/maisemabetoni.fi\/fin\/","name":"Maisemabetoni","description":"","potentialAction":[{"@type":"SearchAction","target":{"@type":"EntryPoint","urlTemplate":"https:\/\/maisemabetoni.fi\/fin\/?s={search_term_string}"},"query-input":{"@type":"PropertyValueSpecification","valueRequired":true,"valueName":"search_term_string"}}],"inLanguage":"fi"}]}},"_links":{"self":[{"href":"https:\/\/maisemabetoni.fi\/fin\/wp-json\/wp\/v2\/pages\/2604","targetHints":{"allow":["GET"]}}],"collection":[{"href":"https:\/\/maisemabetoni.fi\/fin\/wp-json\/wp\/v2\/pages"}],"about":[{"href":"https:\/\/maisemabetoni.fi\/fin\/wp-json\/wp\/v2\/types\/page"}],"author":[{"embeddable":true,"href":"https:\/\/maisemabetoni.fi\/fin\/wp-json\/wp\/v2\/users\/1"}],"replies":[{"embeddable":true,"href":"https:\/\/maisemabetoni.fi\/fin\/wp-json\/wp\/v2\/comments?post=2604"}],"version-history":[{"count":15,"href":"https:\/\/maisemabetoni.fi\/fin\/wp-json\/wp\/v2\/pages\/2604\/revisions"}],"predecessor-version":[{"id":3872,"href":"https:\/\/maisemabetoni.fi\/fin\/wp-json\/wp\/v2\/pages\/2604\/revisions\/3872"}],"wp:attachment":[{"href":"https:\/\/maisemabetoni.fi\/fin\/wp-json\/wp\/v2\/media?parent=2604"}],"curies":[{"name":"wp","href":"https:\/\/api.w.org\/{rel}","templated":true}]}}