{"id":3359,"date":"2021-05-28T08:41:01","date_gmt":"2021-05-28T05:41:01","guid":{"rendered":"https:\/\/maisemabetoni.fi\/fin\/?page_id=3359"},"modified":"2021-06-04T11:58:40","modified_gmt":"2021-06-04T08:58:40","slug":"podcast","status":"publish","type":"page","link":"https:\/\/maisemabetoni.fi\/fin\/podcast\/","title":{"rendered":"Podcast"},"content":{"rendered":"<h1>Kivi\u00e4 &amp; Ideoita podcastit<\/h1>\n<div class='content-column one_third'><div style=\"padding-left:15px;\"><p><a href=\"https:\/\/maisemabetoni.fi\/fin\/wp-content\/uploads\/2021\/06\/podcast-kotimaisia-valmistajia4.jpg\" data-rel=\"lightbox-gallery-tYv8l18a\" data-rl_title=\"podcast-kotimaisia-valmistajia\" data-rl_caption=\"podcast-kotimaisia-valmistajia\" title=\"podcast-kotimaisia-valmistajia\"><img loading=\"lazy\" decoding=\"async\" class=\"alignnone size-full wp-image-3478\" src=\"https:\/\/maisemabetoni.fi\/fin\/wp-content\/uploads\/2021\/06\/podcast-kotimaisia-valmistajia4.jpg\" alt=\"\" width=\"400\" height=\"177\" \/><\/a><\/p>\n<!--[if lt IE 9]><script>document.createElement('audio');<\/script><![endif]-->\n<audio class=\"wp-audio-shortcode\" id=\"audio-3359-1\" preload=\"none\" style=\"width: 100%;\" controls=\"controls\"><source type=\"audio\/mpeg\" src=\"https:\/\/maisemabetoni.fi\/fin\/wp-content\/uploads\/2021\/05\/Maisemabetoni-podcast-no-1-Kotimaiset-valmistajat.mp3?_=1\" \/><a href=\"https:\/\/maisemabetoni.fi\/fin\/wp-content\/uploads\/2021\/05\/Maisemabetoni-podcast-no-1-Kotimaiset-valmistajat.mp3\">https:\/\/maisemabetoni.fi\/fin\/wp-content\/uploads\/2021\/05\/Maisemabetoni-podcast-no-1-Kotimaiset-valmistajat.mp3<\/a><\/audio>\n<p>Podcastissa esitell\u00e4\u00e4n, ketk\u00e4 tekij\u00e4t ovat kotimaisten<br \/>\nmaisemabetonituotteiden taustalla.<br \/>\nVieraana on rakennusmateriaalien tuoteryhm\u00e4p\u00e4\u00e4llikk\u00f6<br \/>\nTiina Kaskiaro Rakennustuoteteollisuus RTTst\u00e4.<\/p><\/div><\/div><div class='content-column one_third'><div style=\"padding-left:15px;\"><a href=\"https:\/\/maisemabetoni.fi\/fin\/wp-content\/uploads\/2021\/06\/podcast-kotimaisia-valmistajia.jpg\" data-rel=\"lightbox-gallery-tYv8l18a\" data-rl_title=\"podcast-kotimaisia-valmistajia\" data-rl_caption=\"podcast-kotimaisia-valmistajia\" title=\"podcast-kotimaisia-valmistajia\"><img loading=\"lazy\" decoding=\"async\" class=\"alignnone wp-image-3461\" src=\"https:\/\/maisemabetoni.fi\/fin\/wp-content\/uploads\/2021\/06\/podcast-kotimaisia-valmistajia.jpg\" alt=\"\" width=\"400\" height=\"177\" \/><\/a><\/p>\n<audio class=\"wp-audio-shortcode\" id=\"audio-3359-2\" preload=\"none\" style=\"width: 100%;\" controls=\"controls\"><source type=\"audio\/mpeg\" src=\"https:\/\/maisemabetoni.fi\/fin\/wp-content\/uploads\/2021\/06\/Maisemabetoni-podcast-no-2-betonituotteiden-ymparistovaikutukset.mp3?_=2\" \/><a href=\"https:\/\/maisemabetoni.fi\/fin\/wp-content\/uploads\/2021\/06\/Maisemabetoni-podcast-no-2-betonituotteiden-ymparistovaikutukset.mp3\">https:\/\/maisemabetoni.fi\/fin\/wp-content\/uploads\/2021\/06\/Maisemabetoni-podcast-no-2-betonituotteiden-ymparistovaikutukset.mp3<\/a><\/audio>\n<p>Podcastissa keskustellaan betonituotteiden ymp\u00e4rist\u00f6vaikutuksista. On tutkittu, ett\u00e4 betonituotteiden p\u00e4\u00e4st\u00f6t ovat samat kuin perunalla.<br \/>\nVieraana on rakennusmateriaalien tuoteryhm\u00e4p\u00e4\u00e4llikk\u00f6 Tiina Kaskiaro Rakennustuoteteollisuus RTTst\u00e4.<\/p><\/div><\/div><div class='content-column one_third last_column'><div style=\"padding-left:0px;\"><a href=\"https:\/\/maisemabetoni.fi\/fin\/wp-content\/uploads\/2021\/06\/podcastmalli-blankko.jpg\" data-rel=\"lightbox-gallery-tYv8l18a\" data-rl_title=\"\" data-rl_caption=\"\" title=\"\"><img loading=\"lazy\" decoding=\"async\" class=\"alignnone size-full wp-image-3470\" src=\"https:\/\/maisemabetoni.fi\/fin\/wp-content\/uploads\/2021\/06\/podcastmalli-blankko.jpg\" alt=\"\" width=\"400\" height=\"177\" \/><\/a><\/div><\/div><div class='clear_column'><\/div><\/p>\n","protected":false},"excerpt":{"rendered":"<p>Kivi&auml; &amp; Ideoita podcastit<\/p>\n","protected":false},"author":1,"featured_media":0,"parent":0,"menu_order":0,"comment_status":"closed","ping_status":"closed","template":"","meta":{"footnotes":""},"class_list":["post-3359","page","type-page","status-publish","hentry"],"yoast_head":"<!-- This site is optimized with the Yoast SEO plugin v26.8 - https:\/\/yoast.com\/product\/yoast-seo-wordpress\/ -->\n<title>Podcast - Maisemabetoni<\/title>\n<meta name=\"robots\" content=\"noindex, follow, max-snippet:-1, max-image-preview:large, max-video-preview:-1\" \/>\n<meta property=\"og:locale\" content=\"fi_FI\" \/>\n<meta property=\"og:type\" content=\"article\" \/>\n<meta property=\"og:title\" content=\"Podcast - Maisemabetoni\" \/>\n<meta property=\"og:description\" content=\"Kivi&auml; &amp; Ideoita podcastit\" \/>\n<meta property=\"og:url\" content=\"https:\/\/maisemabetoni.fi\/fin\/podcast\/\" \/>\n<meta property=\"og:site_name\" content=\"Maisemabetoni\" \/>\n<meta property=\"article:modified_time\" content=\"2021-06-04T08:58:40+00:00\" \/>\n<meta property=\"og:image\" content=\"https:\/\/maisemabetoni.fi\/fin\/wp-content\/uploads\/2021\/06\/podcast-kotimaisia-valmistajia4.jpg\" \/>\n<meta name=\"twitter:card\" content=\"summary_large_image\" \/>\n<script type=\"application\/ld+json\" class=\"yoast-schema-graph\">{\"@context\":\"https:\/\/schema.org\",\"@graph\":[{\"@type\":\"WebPage\",\"@id\":\"https:\/\/maisemabetoni.fi\/fin\/podcast\/\",\"url\":\"https:\/\/maisemabetoni.fi\/fin\/podcast\/\",\"name\":\"Podcast - Maisemabetoni\",\"isPartOf\":{\"@id\":\"https:\/\/maisemabetoni.fi\/fin\/#website\"},\"primaryImageOfPage\":{\"@id\":\"https:\/\/maisemabetoni.fi\/fin\/podcast\/#primaryimage\"},\"image\":{\"@id\":\"https:\/\/maisemabetoni.fi\/fin\/podcast\/#primaryimage\"},\"thumbnailUrl\":\"https:\/\/maisemabetoni.fi\/fin\/wp-content\/uploads\/2021\/06\/podcast-kotimaisia-valmistajia4.jpg\",\"datePublished\":\"2021-05-28T05:41:01+00:00\",\"dateModified\":\"2021-06-04T08:58:40+00:00\",\"breadcrumb\":{\"@id\":\"https:\/\/maisemabetoni.fi\/fin\/podcast\/#breadcrumb\"},\"inLanguage\":\"fi\",\"potentialAction\":[{\"@type\":\"ReadAction\",\"target\":[\"https:\/\/maisemabetoni.fi\/fin\/podcast\/\"]}]},{\"@type\":\"ImageObject\",\"inLanguage\":\"fi\",\"@id\":\"https:\/\/maisemabetoni.fi\/fin\/podcast\/#primaryimage\",\"url\":\"https:\/\/maisemabetoni.fi\/fin\/wp-content\/uploads\/2021\/06\/podcast-kotimaisia-valmistajia4.jpg\",\"contentUrl\":\"https:\/\/maisemabetoni.fi\/fin\/wp-content\/uploads\/2021\/06\/podcast-kotimaisia-valmistajia4.jpg\",\"width\":400,\"height\":177},{\"@type\":\"BreadcrumbList\",\"@id\":\"https:\/\/maisemabetoni.fi\/fin\/podcast\/#breadcrumb\",\"itemListElement\":[{\"@type\":\"ListItem\",\"position\":1,\"name\":\"Etusivu\",\"item\":\"https:\/\/maisemabetoni.fi\/fin\/\"},{\"@type\":\"ListItem\",\"position\":2,\"name\":\"Podcast\"}]},{\"@type\":\"WebSite\",\"@id\":\"https:\/\/maisemabetoni.fi\/fin\/#website\",\"url\":\"https:\/\/maisemabetoni.fi\/fin\/\",\"name\":\"Maisemabetoni\",\"description\":\"\",\"potentialAction\":[{\"@type\":\"SearchAction\",\"target\":{\"@type\":\"EntryPoint\",\"urlTemplate\":\"https:\/\/maisemabetoni.fi\/fin\/?s={search_term_string}\"},\"query-input\":{\"@type\":\"PropertyValueSpecification\",\"valueRequired\":true,\"valueName\":\"search_term_string\"}}],\"inLanguage\":\"fi\"}]}<\/script>\n<!-- \/ Yoast SEO plugin. -->","yoast_head_json":{"title":"Podcast - Maisemabetoni","robots":{"index":"noindex","follow":"follow","max-snippet":"max-snippet:-1","max-image-preview":"max-image-preview:large","max-video-preview":"max-video-preview:-1"},"og_locale":"fi_FI","og_type":"article","og_title":"Podcast - Maisemabetoni","og_description":"Kivi&auml; &amp; Ideoita podcastit","og_url":"https:\/\/maisemabetoni.fi\/fin\/podcast\/","og_site_name":"Maisemabetoni","article_modified_time":"2021-06-04T08:58:40+00:00","og_image":[{"url":"https:\/\/maisemabetoni.fi\/fin\/wp-content\/uploads\/2021\/06\/podcast-kotimaisia-valmistajia4.jpg","type":"","width":"","height":""}],"twitter_card":"summary_large_image","schema":{"@context":"https:\/\/schema.org","@graph":[{"@type":"WebPage","@id":"https:\/\/maisemabetoni.fi\/fin\/podcast\/","url":"https:\/\/maisemabetoni.fi\/fin\/podcast\/","name":"Podcast - Maisemabetoni","isPartOf":{"@id":"https:\/\/maisemabetoni.fi\/fin\/#website"},"primaryImageOfPage":{"@id":"https:\/\/maisemabetoni.fi\/fin\/podcast\/#primaryimage"},"image":{"@id":"https:\/\/maisemabetoni.fi\/fin\/podcast\/#primaryimage"},"thumbnailUrl":"https:\/\/maisemabetoni.fi\/fin\/wp-content\/uploads\/2021\/06\/podcast-kotimaisia-valmistajia4.jpg","datePublished":"2021-05-28T05:41:01+00:00","dateModified":"2021-06-04T08:58:40+00:00","breadcrumb":{"@id":"https:\/\/maisemabetoni.fi\/fin\/podcast\/#breadcrumb"},"inLanguage":"fi","potentialAction":[{"@type":"ReadAction","target":["https:\/\/maisemabetoni.fi\/fin\/podcast\/"]}]},{"@type":"ImageObject","inLanguage":"fi","@id":"https:\/\/maisemabetoni.fi\/fin\/podcast\/#primaryimage","url":"https:\/\/maisemabetoni.fi\/fin\/wp-content\/uploads\/2021\/06\/podcast-kotimaisia-valmistajia4.jpg","contentUrl":"https:\/\/maisemabetoni.fi\/fin\/wp-content\/uploads\/2021\/06\/podcast-kotimaisia-valmistajia4.jpg","width":400,"height":177},{"@type":"BreadcrumbList","@id":"https:\/\/maisemabetoni.fi\/fin\/podcast\/#breadcrumb","itemListElement":[{"@type":"ListItem","position":1,"name":"Etusivu","item":"https:\/\/maisemabetoni.fi\/fin\/"},{"@type":"ListItem","position":2,"name":"Podcast"}]},{"@type":"WebSite","@id":"https:\/\/maisemabetoni.fi\/fin\/#website","url":"https:\/\/maisemabetoni.fi\/fin\/","name":"Maisemabetoni","description":"","potentialAction":[{"@type":"SearchAction","target":{"@type":"EntryPoint","urlTemplate":"https:\/\/maisemabetoni.fi\/fin\/?s={search_term_string}"},"query-input":{"@type":"PropertyValueSpecification","valueRequired":true,"valueName":"search_term_string"}}],"inLanguage":"fi"}]}},"_links":{"self":[{"href":"https:\/\/maisemabetoni.fi\/fin\/wp-json\/wp\/v2\/pages\/3359","targetHints":{"allow":["GET"]}}],"collection":[{"href":"https:\/\/maisemabetoni.fi\/fin\/wp-json\/wp\/v2\/pages"}],"about":[{"href":"https:\/\/maisemabetoni.fi\/fin\/wp-json\/wp\/v2\/types\/page"}],"author":[{"embeddable":true,"href":"https:\/\/maisemabetoni.fi\/fin\/wp-json\/wp\/v2\/users\/1"}],"replies":[{"embeddable":true,"href":"https:\/\/maisemabetoni.fi\/fin\/wp-json\/wp\/v2\/comments?post=3359"}],"version-history":[{"count":30,"href":"https:\/\/maisemabetoni.fi\/fin\/wp-json\/wp\/v2\/pages\/3359\/revisions"}],"predecessor-version":[{"id":3479,"href":"https:\/\/maisemabetoni.fi\/fin\/wp-json\/wp\/v2\/pages\/3359\/revisions\/3479"}],"wp:attachment":[{"href":"https:\/\/maisemabetoni.fi\/fin\/wp-json\/wp\/v2\/media?parent=3359"}],"curies":[{"name":"wp","href":"https:\/\/api.w.org\/{rel}","templated":true}]}}